factor of 182 and 94304?
14
Calculate the highest common divisor of 254 and 78486.
254
What is the highest common divisor of 460 and 1066188?
92
What is the greatest common divisor of 180 and 632560?
20
What is the greatest common divisor of 3 and 23901?
3
Calculate the highest common divisor of 60 and 2595.
15
What is the highest common divisor of 5623147 and 467?
467
Calculate the highest common factor of 28746 and 1557.
9
What is the greatest common divisor of 11822 and 2570?
514
What is the greatest common divisor of 1311 and 853898?
437
What is the highest common divisor of 497 and 1981?
7
What is the greatest common divisor of 3883 and 473?
11
What is the highest common divisor of 4480 and 1876?
28
What is the greatest common divisor of 3724691 and 955?
191
Calculate the greatest common factor of 178450 and 1245.
415
What is the greatest common factor of 1831687 and 2002?
143
What is the greatest common divisor of 90 and 29088?
18
Calculate the highest common factor of 3420 and 38380.
380
What is the greatest common factor of 44373 and 2667?
21
Calculate the highest common factor of 2793 and 539.
49
What is the highest common divisor of 171080 and 364?
364
What is the greatest common factor of 96 and 2088?
24
What is the highest common divisor of 1039 and 91?
1
What is the greatest common divisor of 150255 and 735?
105
Calculate the highest common divisor of 1054 and 1579419.
527
What is the highest common divisor of 3231 and 9?
9
Calculate the greatest common divisor of 1467854 and 142.
142
Calculate the greatest common factor of 75747 and 189.
21
Calculate the greatest common factor of 155239 and 469.
469
What is the greatest common factor of 62831 and 83?
83
What is the highest common divisor of 426 and 27477?
213
What is the greatest common divisor of 642 and 471549?
321
Calculate the greatest common factor of 1407 and 10653.
201
What is the highest common divisor of 5014 and 782?
46
What is the highest common factor of 1875 and 5835?
15
What is the greatest common factor of 72 and 207?
9
Calculate the highest common divisor of 4700 and 45684.
188
What is the highest common divisor of 48 and 1417008?
48
What is the greatest common divisor of 2168 and 896197?
271
Calculate the greatest common factor of 621 and 41492.
23
What is the highest common factor of 30919 and 2254?
49
What is the highest common factor of 1820 and 4443530?
910
Calculate the greatest common divisor of 820 and 253462.
82
Calculate the greatest common factor of 4671 and 2619.
27
Calculate the greatest common divisor of 24003 and 5969.
127
What is the highest common factor of 2359 and 14?
7
Calculate the highest common divisor of 6850 and 190156.
274
Calculate the highest common factor of 1173430 and 4878.
542
Calculate the highest common divisor of 85238 and 68.
34
Calculate the greatest common factor of 120 and 780.
60
What is the highest common factor of 41480 and 183?
61
What is the highest common divisor of 83350 and 50?
50
What is the highest common divisor of 4495 and 116?
29
Calculate the greatest common divisor of 6 and 43590.
6
What is the highest common factor of 6 and 918672?
6
Calculate the highest common divisor of 315007 and 847.
77
Calculate the highest common divisor of 1278 and 16866.
18
What is the greatest common factor of 63 and 700?
7
What is the highest common divisor of 688 and 1648?
16
What is the greatest common factor of 3874 and 598?
26
Calculate the greatest common factor of 402339 and 7.
7
What is the highest common factor of 35866 and 869?
79
What is the highest common divisor of 2867 and 4465?
47
What is the greatest common divisor of 139007 and 44?
11
Calculate the greatest common factor of 327536 and 99.
11
Calculate the highest common divisor of 10775 and 18533.
431
What is the highest common divisor of 414 and 8310?
6
What is the greatest common factor of 224172 and 18?
18
What is the highest common divisor of 60045 and 90?
15
Calculate the highest common factor of 5061 and 118572.
723
What is the greatest common factor of 5420 and 540?
20
What is the greatest common divisor of 6594 and 2814?
42
What is the highest common factor of 107826 and 24?
6
Calculate the greatest common divisor of 51060 and 575.
115
Calculate the greatest common factor of 37504 and 224.
32
What is the highest common divisor of 640 and 1560?
40
Calculate the greatest common divisor of 1754606 and 7.
7
What is the highest common divisor of 365777 and 377?
29
Calculate the greatest common divisor of 252342 and 108.
54
What is the greatest common factor of 8649 and 6975?
279
What is the highest common factor of 854 and 798?
14
What is the highest common divisor of 1272 and 347680?
424
Calculate the greatest common divisor of 111470 and 10362.
314
What is the highest common factor of 175 and 12747?
7
What is the greatest common divisor of 9520 and 108?
4
What is the greatest common factor of 52250 and 220?
110
Calculate the greatest common factor of 1525470 and 30.
30
What is the greatest common divisor of 979 and 2123?
11
Calculate the greatest common divisor of 6 and 67383.
3
What is the greatest common factor of 8755 and 1349815?
515
Calculate the highest common factor of 736 and 523664.
368
Calculate the greatest common factor of 2503845 and 9.
9
What is the highest common divisor of 521924 and 2132?
52
What is the highest common divisor of 95403 and 210?
21
Calculate the highest common factor of 59126 and 163540.
1258
Calculate the greatest common divisor of 820 and 30545.
205
Calculate the greatest common divisor of 23777 and 234.
13
Calculate the greatest common factor of 774 and 2400.
6
Calculate the highest common divisor of 13113 and 54.
9
Calculate the greatest common divisor of 7280 and 1872.
208
What is the greatest common divisor of 345 and 36165?
15
What is the highest common factor of 206 and 4?
2
What is the greatest common factor of 315 and 279585?
45
What is the greatest common factor of 8594207 and 719?
719
Calculate the greatest common factor of 16 and 224752.
16
Calculate the highest common divisor of 41650 and 147.
49
What is the highest common divisor of 2216236 and 33?
11
What is the highest common divisor of 30 and 22356?
6
Calculate the greatest common factor of 7524140 and 43.
43
Calculate the greatest common divisor of 164 and 1375222.
82
Calculate the highest common factor of 1550714 and 55.
11
What is the highest common factor of 30734 and 2360930?
2794
What is the highest common divisor of 2430 and 10800?
270
Calculate the highest common divisor of 6834 and 178823.
1139
Calculate the greatest common divisor of 81 and 115533.
27
What is the greatest common divisor of 571896 and 2961?
423
Calculate the highest common divisor of 1647 and 49654.
61
Calculate the highest common factor of 16307 and 24106.
709
What is the greatest common divisor of 256 and 265088?
128
Calculate the greatest common factor of 588 and 2751.
21
Calculate the highest common factor of 5 and 150515.
5
Calculate the greatest common divisor of 6954 and 109678.
122
What is the highest common factor of 249318 and 38?
38
What is the greatest common divisor of 2150 and 5900?
50
What is the highest common divisor of 1229 and 61?
1
What is the greatest common factor of 7406 and 60697?
161
Calculate the highest common factor of 70 and 3714760.
70
Calculate the highest common factor of 15637 and 2375.
19
Calculate the highest common factor of 99924 and 528.
132
Calculate the greatest common factor of 517940 and 203.
29
Calculate the greatest common divisor of 572 and 85228.
572
What is the greatest common divisor of 609 and 310793?
203
Calculate the greatest common factor of 2601 and 191029.
289
Calculate the greatest common divisor of 30483 and 729.
27
Calculate the greatest common divisor of 62818 and 1078.
98
What is the highest common factor of 169 and 8359?
13
Calculate the highest common divisor of 18144 and 3255.
21
Calculate the highest common divisor of 41 and 104673.
41
What is the greatest common divisor of 1260 and 145404?
252
Calculate the highest common factor of 32 and 123744.
32
Calculate the highest common factor of 86914 and 8.
2
Calculate the greatest common factor of 399 and 2304.
3
Calculate the greatest common factor of 92 and 715760.
92
What 